{"id":48,"date":"2017-01-02T13:40:02","date_gmt":"2017-01-02T12:40:02","guid":{"rendered":"http:\/\/wp.platinman.de\/?page_id=48"},"modified":"2020-09-29T10:27:52","modified_gmt":"2020-09-29T08:27:52","slug":"teilnehmererklaerung","status":"publish","type":"page","link":"https:\/\/wp.platinman.de\/?page_id=48","title":{"rendered":"Teilnehmererkl\u00e4rung"},"content":{"rendered":"<p>Die schwierige topologische Lage der Strecke f\u00fchrt zu besonderen Vereinbarungen zwischen Teilnehmern und Veranstalter.<\/p>\n<h2>Erkl\u00e4rung des Teilnehmers<\/h2>\n<p>Mit meiner Anmeldung best\u00e4tige ich, da\u00df \u00e4rztlicherseits keine Einwendungen gegen meine Teilnahme bestehen und mein Gesundheitszustand den Anforderungen des Wettkampfes entspricht. Gleichzeitig erkenne ich die mit dem Wettkampf verbundenen gesundheitlichen und sonstigen Gefahren an. Ich best\u00e4tige ausdr\u00fccklich, da\u00df ich auf eigene Verantwortung und eigenes Risiko an der Veranstaltung teilnehme.<br \/>\nMir ist bekannt, da\u00df:<\/p>\n<ul id=\"TE\">\n<li id=\"TE\">die Strecke eine besondere k\u00f6rperliche Herausforderung ist<\/li>\n<li id=\"TE\">eine l\u00fcckenlose \u00e4rztliche Versorgung nicht m\u00f6glich ist<\/li>\n<li id=\"TE\">ich ein Handy mitf\u00fchre, um eigene oder Probleme anderer Athleten unverz\u00fcglich zu melden<\/li>\n<li id=\"TE\">es keine F\u00fchrungsradfahrer geben kann und wird<\/li>\n<li id=\"TE\">es keine oder ein Minimum an Streckenposten gibt<\/li>\n<li id=\"TE\">ich die Regeln der StVo beachte, sofern ich Bereiche des \u00f6ffentlichen Verkehrs tangiere<\/li>\n<\/ul>\n<p>Wie schon in der Ausschreibung aufgezeigt, erkl\u00e4re ich mich dem Lauf gesundheitlich gewachsen zu sein.<\/p>\n<p>Mir ist bewu\u00dft, da\u00df der Veranstalter das Recht hat, bei Gefahr f\u00fcr Leben und Gesundheit der Sportler, die Streckenf\u00fchrung kurzfristig zu \u00e4ndern oder z.B. im Katastrophenfall das Rennen ganz abzusagen. Bei Gewitter, Sturm, Hochwasser oder anderen akut auftretenden Gefahrensituationen ist\u00a0der Wettkamp ggf abzusagen. Eine Erstattung der Startgelder ist in diesen F\u00e4llen nicht vorgesehen.<\/p>\n<p>Mir ist bewu\u00dft, da\u00df ich auf pers\u00f6nliches Risiko starte und der Veranstalter keine Haftung an Sch\u00e4den von Mensch und Material \u00fcbernimmt. Die versicherungsrechtliche Absicherung werde ich selbst \u00fcbernehmen.<br \/>\nIch erkl\u00e4re hiermit mein Einverst\u00e4ndnis mit den Organisationsrichtlinien und die Bereitschaft, den Anweisungen der Helfer Folge zu leisten. Ich versichere, da\u00df ich keinerlei Rechtsanspr\u00fcche und Forderungen an den Veranstalter oder Ausrichter, sowie dessen Helfer oder Beauftragte, alle betroffenen Gemeinden und sonstigen Personen oder K\u00f6rperschaften stellen werde. Das Startgeld wird mir bis zum Meldeschlu\u00df zur\u00fcckbezahlt, wenn meine Meldung nicht angenommen wird. Danach ist keine R\u00fcckzahlung \/ Ummeldung mehr m\u00f6glich<br \/>\nMit der Speicherung meiner pers\u00f6nlichen Daten f\u00fcr die Veranstaltung, der unentgeltlichen Ver\u00f6ffentlichung meines Wettkampfergebnisses sowie Wort und Bild bin ich einverstanden.<\/p>\n<p>Ich bin einverstanden, dass meine Adressdaten zum Zwecke des Corona-Trackings ggf. an Beh\u00f6rden weitergegeben werden.<\/p>\n<p>Gelesen und akzeptiert!<\/p>\n","protected":false},"excerpt":{"rendered":"<p>Die schwierige topologische Lage der Strecke f\u00fchrt zu besonderen Vereinbarungen zwischen Teilnehmern und Veranstalter. Erkl\u00e4rung des Teilnehmers Mit meiner Anmeldung best\u00e4tige ich, da\u00df \u00e4rztlicherseits keine Einwendungen gegen meine Teilnahme bestehen und mein Gesundheitszustand den Anforderungen des Wettkampfes entspricht. Gleichzeitig erkenne ich die mit dem Wettkampf verbundenen gesundheitlichen und sonstigen Gefahren an. Ich best\u00e4tige ausdr\u00fccklich, da\u00df &hellip; <\/p>\n<p class=\"link-more\"><a href=\"https:\/\/wp.platinman.de\/?page_id=48\" class=\"more-link\"><span class=\"screen-reader-text\">\u201eTeilnehmererkl\u00e4rung\u201c<\/span> weiterlesen<\/a><\/p>\n","protected":false},"author":1,"featured_media":0,"parent":0,"menu_order":0,"comment_status":"closed","ping_status":"closed","template":"","meta":{"footnotes":""},"class_list":["post-48","page","type-page","status-publish","hentry"],"_links":{"self":[{"href":"https:\/\/wp.platinman.de\/index.php?rest_route=\/wp\/v2\/pages\/48","targetHints":{"allow":["GET"]}}],"collection":[{"href":"https:\/\/wp.platinman.de\/index.php?rest_route=\/wp\/v2\/pages"}],"about":[{"href":"https:\/\/wp.platinman.de\/index.php?rest_route=\/wp\/v2\/types\/page"}],"author":[{"embeddable":true,"href":"https:\/\/wp.platinman.de\/index.php?rest_route=\/wp\/v2\/users\/1"}],"replies":[{"embeddable":true,"href":"https:\/\/wp.platinman.de\/index.php?rest_route=%2Fwp%2Fv2%2Fcomments&post=48"}],"version-history":[{"count":3,"href":"https:\/\/wp.platinman.de\/index.php?rest_route=\/wp\/v2\/pages\/48\/revisions"}],"predecessor-version":[{"id":428,"href":"https:\/\/wp.platinman.de\/index.php?rest_route=\/wp\/v2\/pages\/48\/revisions\/428"}],"wp:attachment":[{"href":"https:\/\/wp.platinman.de\/index.php?rest_route=%2Fwp%2Fv2%2Fmedia&parent=48"}],"curies":[{"name":"wp","href":"https:\/\/api.w.org\/{rel}","templated":true}]}}