{"id":342,"date":"2019-11-05T10:57:28","date_gmt":"2019-11-05T09:57:28","guid":{"rendered":"http:\/\/wp.platinman.de\/?page_id=342"},"modified":"2022-11-01T08:02:27","modified_gmt":"2022-11-01T07:02:27","slug":"letzte-infos","status":"publish","type":"page","link":"https:\/\/wp.platinman.de\/?page_id=342","title":{"rendered":"Letzte Infos"},"content":{"rendered":"\n<p>Stand 16. Oktober 2022<\/p>\n\n\n\n<p><strong>Newsletter zum 8. Platinman am 13.November 2022 in Winterscheid<\/strong><\/p>\n\n\n\n<p>In diesem Jahr ist die Strecke identisch mit dem Vorjahr. F\u00fcr diejenigen, die die \u00c4nderungen noch nicht kennen, hier ein wichtiger Hinweis: Bitte schaut euch unbedingt vor dem Lauf die Karte an. Wenn ihr nach der gro\u00dfen Runde nach Winterscheid zur\u00fcckkehrt, dann seid ihr NICHT am Ziel!! Tats\u00e4chlich geht es dann nochmal auf der anderen Seite vollst\u00e4ndig in das Nachbartal (Br\u00f6ltal) runter bis zur Burg Herrnstein. Erst danach geht es wieder hoch zum Sportplatz und ins Ziel. Bitte bedenkt das bei eurer Kraftaufteilung.<br><br>Hier noch ein paar wichtige Infos f\u00fcr euch.<br><br><strong>Anreise<\/strong><br><strong>\u00d6ffentliche Verkehrsmittel<\/strong><br><br>Mit dem Zug oder der S-Bahn m\u00fcsst ihr bis zum Bahnhof Hennef fahren. Danach geht es weiter mit dem Bus:<br><br>An-\/Abfahrt mit dem Bus, Linie 531:<br>09:02 ab Hennef Bf<br>09:21 an Ruppichteroth Winterscheid Kirche<br><br>16:35 ab Ruppichteroth Winterscheid Kirche<br>16:57 an Hennef Bf<br><br><br><strong>Mit dem Auto<\/strong><br><br>Die Adresse f\u00fcr die Navigation lautet:<br>Hauptstrasse 4<br>53809 Winterscheid<br><br><strong>Hinweise zum Parken und zur Anfahrt:<\/strong><br>Die Hauptstra\u00dfe ist in Winterscheid zwischen Sportplatz und Hatterscheid f\u00fcr den Durchgangsverkehr gesperrt (Ausnahme Linienbusse). Die&nbsp;Stra\u00dfe wird hier einseitig in Richtung Hatterscheid zum Parken&nbsp;verwendet. Bitte achtet auf die Einweiser.&nbsp;<br>In regelm\u00e4\u00dfigen Abst\u00e4nden gibt es im Parkbereich abgeflatterte St\u00fccke als Ausweichbuchten. Hier bitte auf keinen Fall parken.<br>Eine Anreise aus Richtung Hatterscheid ist nicht m\u00f6glich. Bitte reist ausschlie\u00dflich \u00fcber das Derenbachtal, K17, an und haltet euch an die&nbsp;Platinman-Hinweisschilder oder die Beschilderung&nbsp;\u201eSportplatz\u201c.&nbsp;<\/p>\n\n\n\n<p><strong>3.Ordnungsamt<\/strong><br>Wir m\u00fcssen auch darauf hinweisen, dass das Ordnungsamt Kontrollen angek\u00fcndigt hat. Bei der Auswahl eines Parkplatzes&nbsp;au\u00dferhalb unseres Parkplatzes ist also unbedingt&nbsp;darauf zu achten, dass ordnungsgem\u00e4\u00df geparkt wird.<\/p>\n\n\n\n<p><strong>4. Startunterlagen<\/strong><\/p>\n\n\n\n<p>Eure Startunterlagen erhaltet ihr am Sonntag ab ca. 9 Uhr. <br>In der Woche vor der Veranstaltung k\u00f6nnt ihr eure Startunterlagen in Hennef abholen. Die Adresse ist: Trendwerk,&nbsp;Frankfurter Str. 69 in Hennef. Die Gesch\u00e4ftszeiten sind in der Woche 10:00 &#8211; 18:00 Uhr und am Samstag 10:00-14:00 Uhr. Dort k\u00f6nnt ihr euch auch bis zum Vortag nachmelden (nur Barzahlung, Nachmeldegeb\u00fchr 5\u20ac).<\/p>\n\n\n\n<p><strong>5. Sportgep\u00e4ck<\/strong><\/p>\n\n\n\n<p>Wir bieten eine Sportgep\u00e4ckaufbewahrung an.<\/p>\n\n\n\n<p><strong>6. Verpflegung auf der Strecke<\/strong><\/p>\n\n\n\n<p>Beim Platinman wird es wie gewohnt drei Verpflegungsst\u00e4nde geben, also etwa alle 7 bis 8 Km. <\/p>\n\n\n\n<p>Beim Platinman Light gibt es einen Verpflegungsstand etwa nach der H\u00e4lfte der Strecke.<\/p>\n\n\n\n<p>Die Verpflegungsst\u00e4nde beinhalten kalte und warme Getr\u00e4nke, \u00c4pfel, Bananen, Schmalzbrote, M\u00fcsliriegel (\u00c4nderungen vorbehalten).<\/p>\n\n\n\n<p>Im Ziel wird es nicht unser reichhaltiges Endverpflegungsbuffet zur Selbstbedienung geben. Aus Hygienegr\u00fcnden haben wir uns entschlossen, dass jeder Finisher im Ziel eine Verpflegungst\u00fcte erh\u00e4lt.<\/p>\n\n\n\n<p><strong>7. Zeitmessung<\/strong><\/p>\n\n\n\n<p>Unsere Chips zur Zeitmessung sind in einem Gummiarmband eingebaut, das ihr nach M\u00f6glichkeit am rechten Handgelenk tragt. Beim Start wird die Zeitmessung f\u00fcr alle gleich mit dem Startschuss aktiviert.<br>Im Zielbogen findet ihr auf der rechten Seite eine Sensorfl\u00e4che. Beim Einlauf haltet ihr bitte den Chip an diese Fl\u00e4che. Die Zeitmessung quittiert mit einem&nbsp;Piepston.<\/p>\n\n\n\n<p><strong>8. Medaillen<\/strong><\/p>\n\n\n\n<p>Im Zieleinlauf erh\u00e4lt jeder&nbsp;Finisher eine unserer tollen&nbsp;und handgemachten Holzmedaillen. Dies erfolgt im Austausch gegen das Chiparmband.&nbsp;Das&nbsp;Armband wollen wir gerne wieder beim n\u00e4chsten Platinman&nbsp;einsetzen.<\/p>\n\n\n\n<p>Diejenigen, die vielleicht nicht ins Ziel kommen bitten wir, uns die Armb\u00e4nder bei ihrer&nbsp;R\u00fcckkehr zu \u00fcbergeben.<\/p>\n\n\n\n<p><strong>10. Fotos<\/strong><\/p>\n\n\n\n<p>Vergesst nicht, beim Zieleinlauf zu l\u00e4cheln. Unsere Fotografen von&nbsp;<a href=\"http:\/\/eventfotografie24.de\/\">eventfotografie24.de<\/a>&nbsp;werden euch im Bild festhalten.<\/p>\n\n\n\n<p>Viele Gr\u00fc\u00dfe<\/p>\n\n\n\n<p>Euer Platinman-Team<\/p>\n\n\n\n<p>vom Triathlon Team Hennef e.V.<\/p>\n","protected":false},"excerpt":{"rendered":"<p>Stand 16. Oktober 2022 Newsletter zum 8. Platinman am 13.November 2022 in Winterscheid In diesem Jahr ist die Strecke identisch mit dem Vorjahr. F\u00fcr diejenigen, die die \u00c4nderungen noch nicht kennen, hier ein wichtiger Hinweis: Bitte schaut euch unbedingt vor dem Lauf die Karte an. Wenn ihr nach der gro\u00dfen Runde nach Winterscheid zur\u00fcckkehrt, dann &hellip; <\/p>\n<p class=\"link-more\"><a href=\"https:\/\/wp.platinman.de\/?page_id=342\" class=\"more-link\"><span class=\"screen-reader-text\">\u201eLetzte Infos\u201c<\/span> weiterlesen<\/a><\/p>\n","protected":false},"author":1,"featured_media":0,"parent":0,"menu_order":0,"comment_status":"closed","ping_status":"closed","template":"","meta":{"footnotes":""},"class_list":["post-342","page","type-page","status-publish","hentry"],"_links":{"self":[{"href":"https:\/\/wp.platinman.de\/index.php?rest_route=\/wp\/v2\/pages\/342","targetHints":{"allow":["GET"]}}],"collection":[{"href":"https:\/\/wp.platinman.de\/index.php?rest_route=\/wp\/v2\/pages"}],"about":[{"href":"https:\/\/wp.platinman.de\/index.php?rest_route=\/wp\/v2\/types\/page"}],"author":[{"embeddable":true,"href":"https:\/\/wp.platinman.de\/index.php?rest_route=\/wp\/v2\/users\/1"}],"replies":[{"embeddable":true,"href":"https:\/\/wp.platinman.de\/index.php?rest_route=%2Fwp%2Fv2%2Fcomments&post=342"}],"version-history":[{"count":19,"href":"https:\/\/wp.platinman.de\/index.php?rest_route=\/wp\/v2\/pages\/342\/revisions"}],"predecessor-version":[{"id":550,"href":"https:\/\/wp.platinman.de\/index.php?rest_route=\/wp\/v2\/pages\/342\/revisions\/550"}],"wp:attachment":[{"href":"https:\/\/wp.platinman.de\/index.php?rest_route=%2Fwp%2Fv2%2Fmedia&parent=342"}],"curies":[{"name":"wp","href":"https:\/\/api.w.org\/{rel}","templated":true}]}}